8*b. Suppose 0 = 2*m - 2, 5*m + b = 5*n. Is n composite?
False
Let b = 303 - 788. Let u be b/7 - (-6)/21. Let h = u - -152. Is h prime?
True
Suppose -8*s = 9*s - 153. Let q(a) = 7*a + 0*a - s*a + 1 + 260*a**2 - 2*a. Is q(1) prime?
True
Let d(q) = q**3 + 14*q**2 - q + 0*q**3 + 1 - 5*q**2 - 5. Let l be d(-9). Is (-4190)/(-2) + 2 + (-10)/l prime?
False
Let z be (-1)/2 - 36/8*-10491. Suppose 0 = -3*t - 14*t + z. Is t prime?
True
Suppose -510*j + 5*w = -515*j + 978310, -4*j + w = -782633. Is j a prime number?
True
Suppose -6*x - 2*x = 10*x. Is (5 - 4 - x) + 1 + 3785 prime?
False
Suppose -4*o - 4*n + 5776 = 0, 4*o - 2888 = 2*o - 4*n. Let v = -185 + o. Is v composite?
False
Suppose -q + 50 = 5*g + 4*q, -4*g + 43 = q. Suppose -g*s - s + 8628 = 0. Is s prime?
True
Let o(g) = g**2 - 3*g - 6. Let h be o(5). Let t = 23350 + -17882. Suppose h*n - t = -0*n. Is n composite?
False
Let g = -14 + 24. Suppose 6*q - 8*q = -g. Is ((-2)/(-3))/(q + 8226/(-1647)) prime?
False
Let s(c) = 2*c**2 - 34*c + 36. Let l be s(16). Suppose -p - a - 3127 = -l*p, -5*a + 4182 = 4*p. Is p a prime number?
False
Is ((-4)/22)/(152/(-627)) - 5577826/(-8) a prime number?
False
Let o(i) be the third derivative of -i**6/120 + 19*i**5/60 + 25*i**4/24 - 19*i**3/3 + 3*i**2. Let r be o(18). Suppose -r = 5*w - 2991. Is w composite?
True
Suppose -10 = 5*w - 5*u, 3*w + 0*w - 4*u = -9. Suppose w = 4*z - 7. Suppose -z*m + 5*k + 129 = 0, -13 = -3*k + 2. Is m prime?
False
Let c(r) = -250*r**3 - 12*r**2 + 10*r + 27. Let f be c(-6). Suppose j = -x + 12728 + 658, -4*x = -5*j - f. Is x a composite number?
True
Let u = 87 - 84. Suppose -s = 3*o - 4216, u*s = o + 4*o + 12578. Is s a composite number?
False
Let u(x) = 8027*x - 9169. Is u(66) prime?
False
Let u(p) = 31 + 27 + 1098*p - 69. Is u(1) a composite number?
False
Let g be (-4)/(-2) - (123 - 2). Let v = -240 - g. Let x = v + 315. Is x composite?
True
Suppose 0 = 64*p - 186371 - 346173. Is p a prime number?
False
Let x(d) = d**3 + 12*d**2 + 14*d + 12. Let k be x(-10). Let j = k - 71. Is j + (-2 - -6) + 336 composite?
True
Let d(o) = 14*o**2 - 2*o - 24. Let x be d(5). Is (-172)/1*x/(-16) a prime number?
False
Suppose d = -2*d. Suppose 3*b + 2*q + 60 = 0, d = 5*q + 1 - 16. Let h = 77 + b. Is h composite?
True
Suppose 4*y = b - 4*b + 22, -4*y + 18 = b. Suppose 4508 = y*u - 8408. Is u a composite number?
False
Let n(x) = -34*x + 8. Let z be n(1). Let w = z + 29. Suppose 2*q - 3*g = 2793, w*q - 1409 = 2*q + 4*g. Is q a prime number?
False
Let o = -5839 - -15030. Let k = o - 4570. Is k a composite number?
False
Let k be ((1526 - 2)/(5/(-5)))/1. Let v = 529 - k. Is v a prime number?
True
Suppose 3*c - 5*x = 160544, -7*c + 160535 = -4*c + 4*x. Is c composite?
True
Let j = 2041 + -1862. Is j a prime number?
True
Let t(h) = -h**3 - 15*h**2 - 13*h + 17. Suppose 63*n = 67*n + 64. Is t(n) a prime number?
False
Suppose 0*r + 5*f - 41 = r, 4*r + 3*f + 49 = 0. Let h be ((-2)/(-2))/((-2 + 0)/r). Let t(z) = 66*z - 7. Is t(h) prime?
True
Let z = -27449 + 14284. Let x = z + 29592. Is x a prime number?
True
Let a(n) = -88*n - 17. Suppose 2*l - 3*v + v - 18 = 0, -4*v = -2*l + 10. Let u be a(l). Let o = -626 - u. Is o composite?
True
Is (-6 - -54623)/(10/(-15) + 1) a composite number?
True
Let u(b) = -5*b**2 - 2 - 40*b**3 + b**2 - 146*b**3 + 5*b**2 - b. Let h be u(-1). Is 2 + h + (-3)/(-1) composite?
False
Let r be 2*(-19*(-2)/4 + -3). Suppose -9*w + r*w + 4676 = 0. Let q = 2368 + w. Is q a prime number?
False
Suppose -22*o = -25*o + 5145. Suppose 202 = 2*z - 2*n - 1504, 0 = 2*z - 5*n - o. Let h = 1657 - z. Is h a prime number?
False
Suppose k - 2*l = 10, k - 5*k - 5*l + 1 = 0. Suppose -4*f - f + k*r + 7626 = 0, 3*r = 4*f - 6100. Is f composite?
True
Let o = -25660 - -44097. Suppose k = 3*f + 54736, 3*f = 3*k - 145789 - o. Is k prime?
False
Let j(g) = 2 + 2*g**3 - 2*g**2 + 23 - 2*g**2 + 5*g**2 + 6*g. Is j(12) prime?
True
Let l(b) be the second derivative of b**4/6 + 81*b**2/2 + 2*b + 61. Is l(19) a prime number?
False
Let w(c) = c**3 - 11*c**2 + 9*c + 22. Let f be w(10). Suppose 5*p = s + 16, -3*p + 0*p = -f. Suppose -689 = -s*d - 53. Is d composite?
True
Let x = -356 + 407. Suppose -x*i = -66*i + 10695. Is i a prime number?
False
Let k(c) = -251*c**2 + 17*c + 6. Let t be k(-4). Let z = 1505 - t. Is z a prime number?
False
Let y(s) = 2*s**2 - 64*s - 13. Let w be y(22). Let j = w - -15880. Is j a prime number?
True
Let h(x) = -x**3 + 5*x**2 + 4*x - 17. Let l be h(5). Is ((-18)/(-27))/(l/9) + 1499 composite?
True
Suppose 13662 = -23*k - 0*k. Let z = k + 2325. Is z prime?
False
Suppose 19*u - 4452197 = 648410. Is u a prime number?
False
Let x(b) = 26893*b**2 + 47*b + 11. Is x(-3) prime?
True
Is ((-4391)/2)/((-479)/64186) composite?
True
Suppose -20*q + 0*q + 5330311 = -6926149. Is q composite?
False
Suppose 3068353 = 189*x - 1140110. Is x prime?
False
Suppose 10*y - 8 = -8. Suppose y = -5*i - 3507 + 16772. Is i a composite number?
True
Suppose -10*h + 8*h - 14895 = -f, -3*h = 6. Is f prime?
True
Let z = -22249 + 116670. Is z a prime number?
True
Let b(v) = -5*v**2 - 9*v - 2. Let a be b(-11). Let g = -487 - a. Is g prime?
False
Let c be (244/(-12))/(1/(-3)) - 0. Suppose 15505 = 68*i - c*i. Is i composite?
True
Suppose -429 = 3*m - 456. Suppose -m*a + 4*a = 4*z - 44313, 2*z - 4 = 0. Is a prime?
True
Let h = -18 - -27. Suppose h = 2*s + 5. Is (s - -35)/((-16)/(-304)) a prime number?
False
Let w(o) = 34*o**2 + 24*o - 36. Let q be w(8). Let f = q + -1563. Is f a composite number?
False
Let j(w) = w - 7. Let f be j(4). Let d be (-2077)/f + 2/(-6). Suppose 2*a = 2010 - d. Is a a composite number?
False
Is (-3)/21 + (-7 + -324581)/((-70)/65) a prime number?
True
Suppose 7604749 + 15780826 = 25*u. Is u a composite number?
False
Suppose 6*a = 34758 + 14976. Suppose 0 = -34*c + 7*c + a. Is c a composite number?
False
Let p(j) = 27*j**2 + 46*j + 3. Let b(f) = f**3 + 10*f**2 + 16*f + 10. Let w be b(-8). Is p(w) composite?
False
Suppose 129*v - 8294454 = 75*v. Is v a composite number?
True
Let d = -32468 + 68067. Is d composite?
True
Let k(i) = 1409*i**3 - 7*i**2 + 72*i - 73. Is k(5) a composite number?
False
Let r = 9474 + 4084. Is r prime?
False
Let n = -40 + 40. Let p be n/1 - (-1 - -13). Is 117/p*10/15*-22 a composite number?
True
Suppose -5*h = 4*j - 24 + 1, -9 = 3*j. Let s(v) = -h - 4 - 4*v + 125*v**2 + 3*v. Is s(-3) a prime number?
True
Suppose -5*r - y + 66713 = -86441, 4*r = -7*y + 122517. Is r a composite number?
False
Let g(f) = 20065*f + 492. Is g(5) a composite number?
True
Let q(j) = 241*j + 41. Let r(p) = -p - 2. Let c(s) = q(s) + 2*r(s). Is c(6) prime?
True
Let o be (14/3)/(3 - 35/15). Suppose -33 = -4*n + o. Suppose 5*y - n = 5, -3*j + 1404 = y. Is j a prime number?
True
Let n = 225755 - 151570. Let x = -35282 + n. Is x composite?
False
Let a = 629 - 624. Suppose -a*f - 3*l + 42323 = 0, -25385 = -9*f + 6*f - 4*l. Is f prime?
True
Let d(k) = 23 + 74*k - 9*k + 13*k. Is d(5) prime?
False
Let a be (1 - -1)*979/(-22). Let m = 95 + a. Suppose r + 3*t = m*r - 12133, 0 = r - 5*t - 2409. Is r prime?
False
Suppose 97 - 79 = 3*y. Suppose -y*a - 16843 + 61201 = 0. Is a a composite number?
False
Suppose 0 = 5*i + 21 - 96. Let q(v) = -v**3 + 15*v**2 + 2*v - 27. Let h be q(i). Suppose -5*z + 7274 = -h*z. Is z prime?
True
Suppose 3*o + 4*u = 27, 3*o - 18 = -0*o - u. Suppose -5*n - 1815 = -4*l + 3629, o*n = -2*l + 2752. Is l a prime number?
False
Suppose 2*f - 7977 = -o + 5*f, -2*o + 15951 = -3*f. Suppose 8*k - 11*k + o = 0. Suppose k + 795 = 3*j. Is j a prime number?
True
Suppose 2*d - u - 5 = 0, 34*d - 29*d = -3*u + 40. Suppose 0 = -d*y + 4*n + 18195, -4*n = -3*y - n + 10914. Is y a prime number?
True
Suppose -2*c + 9 = 2*g + 11, 7 = c - g. Suppose 4*m + 4*i = 110148, -c*m = -5*m - 5*i + 55068. Is m composite?
False
Let j(x) be the third derivative of -53*x**4/12 + 19*x**3/6 + 3*x**2 + 770*x. Suppose -5*v - 39 = -9. Is j(v) a prime number?
False
Suppose -3*p = -2*x - 13597, p - 483*x + 482*x = 4531. Is p composite?
True
Let s = -52966 + 128165. Is s a prime number?
False
Let c(p) = 72*p**2 - p. Let w = 41 + -42. Let x be c(w). Let k = x + 12. Is k composite?
True
Suppose 9*g = -100 - 467. Let n = 65 + g. Suppose n*i = 3*q + 431 - 3092, 0 = i. Is q composite?
False
Let d(y) = -y**3 